{"id":82,"date":"2020-06-03T20:55:10","date_gmt":"2020-06-03T17:55:10","guid":{"rendered":"https:\/\/recsof.com\/hakkimizda\/"},"modified":"2022-09-18T00:49:22","modified_gmt":"2022-09-17T21:49:22","slug":"hakkimizda","status":"publish","type":"page","link":"https:\/\/recsof.com\/?page_id=82","title":{"rendered":"Hakk\u0131m\u0131zda"},"content":{"rendered":"\n<figure class=\"wp-block-image size-large\"><img loading=\"lazy\" decoding=\"async\" width=\"1024\" height=\"534\" src=\"https:\/\/recsof.com\/wp-content\/uploads\/2021\/10\/about-1024x534.jpg\" alt=\"\" class=\"wp-image-87\" srcset=\"https:\/\/recsof.com\/wp-content\/uploads\/2021\/10\/about-1024x534.jpg 1024w, https:\/\/recsof.com\/wp-content\/uploads\/2021\/10\/about-300x157.jpg 300w, https:\/\/recsof.com\/wp-content\/uploads\/2021\/10\/about-768x401.jpg 768w, https:\/\/recsof.com\/wp-content\/uploads\/2021\/10\/about.jpg 1320w\" sizes=\"auto, (max-width: 1024px) 100vw, 1024px\" \/><\/figure>\n\n\n\n<div class=\"wp-block-safirtema-mainheading singleHeading mainHeading\"><div class=\"inner\"><div class=\"icon safiricon\"><svg class=\"safiricon-takim\"><use href=\"#safiricon-takim\"><\/use><\/svg><\/div><div class=\"text\">SOFUO\u011eLU M\u00fchendislik &amp; Hukuk &amp; Dan\u0131\u015fmanl\u0131k<\/div><\/div><\/div>\n\n\n\n<p>SOFUO\u011eLU M\u00fchendislik &amp; Hukuk &amp; Dan\u0131\u015fmanl\u0131k ailesi olarak sizlere hizmet verebilmek i\u00e7in kendi alan\u0131nda uzun y\u0131llard\u0131r \u00e7al\u0131\u015fm\u0131\u015f uzman ekiplerden olu\u015fan \u00e7al\u0131\u015fma arkada\u015flar\u0131m\u0131zla t\u00fcm ihtiya\u00e7lar\u0131n\u0131z\u0131 kar\u015f\u0131layacak yenilik\u00e7i ve s\u00fcrd\u00fcr\u00fclebilir \u00e7\u00f6z\u00fcmler \u00fcretmek \u00fczere 2022 y\u0131l\u0131nda yola \u00e7\u0131km\u0131\u015f bulunmaktay\u0131z. \u015eirketlerin dijital d\u00f6n\u00fc\u015f\u00fcm\u00fcnde ba\u015frol\u00fc oynayarak; Nesnelerin \u0130nterneti, B\u00fcy\u00fck Veri ve Analitik, G\u00fcvenlik, Kurumsal Bulut, Kurumsal Yaz\u0131l\u0131m ve Mobili uygulama, \u0130\u015f \u00c7\u00f6z\u00fcmleri, Sosyal Medya y\u00f6netimi, E-Ticaret, E-\u0130hracat,  Sunucu Ve Network kurulumu gibi alanlarda pek \u00e7ok \u00fcr\u00fcn ve hizmet sunmaktad\u0131r. M\u00fc\u015fterilerine sekt\u00f6rlerin i\u015f ihtiya\u00e7lar\u0131na y\u00f6nelik sundu\u011fu proaktif \u00fcr\u00fcn ve servisleriyle, m\u00fc\u015fterilerinin tedarik zincirinden m\u00fc\u015fteri deneyimine dek t\u00fcm s\u00fcre\u00e7leri dijitalle\u015ftirmektedir. \u0130novatif \u00e7\u00f6z\u00fcmleri ve yenilik\u00e7i teknolojileri ile sekt\u00f6rleri gelece\u011fe ta\u015f\u0131maktad\u0131r.<\/p>\n\n\n\n<div class=\"wp-block-safirtema-mainheading singleHeading mainHeading\"><div class=\"inner\"><div class=\"icon safiricon\"><svg class=\"safiricon-takim3\"><use href=\"#safiricon-takim3\"><\/use><\/svg><\/div><div class=\"text\">\u00c7\u00f6z\u00fcm Orta\u011f\u0131n\u0131z<\/div><\/div><\/div>\n\n\n\n<div class=\"safir-list\" data-col=\"1\"><ul class=\"wp-block-list\"><li>Bili\u015fim Sistemleri Altyap\u0131 ve Cihazlar\u0131n kurulumu ( sunucu, network, sanalla\u015ft\u0131rma, yedekleme vb.)<\/li><li>Sosyal Medya y\u00f6netimi ve SEO Optimizasyonu  <\/li><li>E-Ticaret ve E-\u0130hracat  alanlar\u0131nda yaz\u0131l\u0131m ve dan\u0131\u015fmanl\u0131k deste\u011fi<\/li><li>Yaz\u0131l\u0131m ve Mobil Uygulama <\/li><li>Web Sitesi tasar\u0131m\u0131<\/li><\/ul><\/div>\n\n\n\n<p>Dijital d\u00f6n\u00fc\u015f\u00fcm s\u00fcrecinizi ba\u015flatarak ihtiya\u00e7lar\u0131n\u0131z\u0131 kar\u015f\u0131layan \u00e7\u00f6z\u00fcmleri sizlere sunuyoruz. En iyisi olmak i\u00e7in bizlerle \u00e7al\u0131\u015f\u0131n.. <\/p>\n\n\n\n<div class=\"wp-block-safirtema-mainheading singleHeading mainHeading\"><div class=\"inner\"><div class=\"icon safiricon\"><svg class=\"safiricon-soru\"><use href=\"#safiricon-soru\"><\/use><\/svg><\/div><div class=\"text\">Merak Ettikleriniz<\/div><\/div><\/div>\n\n\n\n<div class=\"wp-block-safirtema-sorucevap safir-faq\"><div class=\"question\"><div class=\"safiricon icon\"><svg class=\"safiricon-soru\"><use href=\"#safiricon-soru\"><\/use><\/svg><\/div><span class=\"text\">Di\u011fer \u0130\u015fletmelerden Fark\u0131m\u0131z Ne?<\/span><div class=\"openclose plus\"><\/div><\/div><p class=\"answer\">\u0130htiya\u00e7lar\u0131n\u0131z\u0131 kar\u015f\u0131layacak \u00e7\u00f6z\u00fcmleri s\u00fcrd\u00fcr\u00fclebilirlik temas\u0131nda sizlere sunarak rakiplerinize fark atman\u0131z\u0131 sa\u011fl\u0131yoruz. Dijital d\u00f6n\u00fc\u015f\u00fcm s\u00fcrecinde t\u00fcm i\u015f ak\u0131\u015flar\u0131n\u0131z\u0131 profesyonel ekiplerimizle incelendikten sonra uygulama safhas\u0131na ge\u00e7iyoruz. T\u00fcm \u00e7\u00f6z\u00fcmlerimizi i\u015fletmelere \u00f6zel olarak yap\u0131yoruz. \u00c7\u00f6z\u00fcmlerimiz sadece bug\u00fcn\u00fcn ihtiya\u00e7lar\u0131 i\u00e7in de\u011fil i\u015fletmenin ilerde do\u011fabilecek ihtiya\u00e7lar\u0131 g\u00f6zetilerek planlanmaktad\u0131r.<\/p><\/div>\n\n\n\n<div class=\"wp-block-safirtema-sorucevap safir-faq\"><div class=\"question\"><div class=\"safiricon icon\"><svg class=\"safiricon-soru\"><use href=\"#safiricon-soru\"><\/use><\/svg><\/div><span class=\"text\">\u00c7al\u0131\u015fma Ekibimiz ve Hizmet Verdi\u011fimiz Lokasyonlar!<\/span><div class=\"openclose plus\"><\/div><\/div><p class=\"answer\">No sea takimata sanctus est Lorem ipsum dolor sit amet. Lorem ipsum dolor sit amet, consetetur sadipscing elitr, sed diam nonumy eirmod tempor invidunt ut labore et dolore magna aliquyam erat, sed diam voluptua. At vero eos et accusam et justo duo dolores et ea rebum. Stet clita kasd gubergren, no sea takimata sanctus est Lorem ipsum dolor sit amet. Lorem ipsum dolor sit amet, consetetur sadipscing elitr, At accusam aliquyam diam diam dolore dolores duo eirmod eos erat, et nonumy sed tempor et et invidunt justo labore Stet clita ea et gubergren, kasd magna no rebum. sanctus sea sed takimata ut vero voluptua. est Lorem ipsum dolor sit amet. Lorem ipsum dolor sit amet, consetetur sadipscing elitr, sed diam nonumy eirmod tempor invidunt ut labore et dolore magna aliquyam erat.<\/p><\/div>\n\n\n\n<p>At vero eos et accusam et justo duo dolores et ea rebum. Stet clita kasd gubergren, no sea takimata sanctus est Lorem ipsum dolor sit amet. Lorem ipsum dolor sit amet, consetetur sadipscing elitr, sed diam nonumy eirmod tempor invidunt ut labore et dolore magna aliquyam erat, sed diam voluptua. At vero eos et accusam et justo duo dolores et ea rebum.<\/p>\n\n\n\n<div class=\"wp-block-safirtema-bgtext descriptionbox railways\"><div class=\"inner\"><div class=\"icon safiricon\"><svg class=\"safiricon-istatistik\"><use href=\"#safiricon-istatistik\"><\/use><\/svg><\/div><div class=\"header\">B\u00fcy\u00fck A\u00e7\u0131klama Kutusu<\/div><div class=\"content\">Bu Gutenberg blo\u011fu ile ikonlu ve arkaplanl\u0131 bir metin ve a\u00e7\u0131klama ekleyebilirsiniz.<\/div><\/div><\/div>\n\n\n\n<p>Stet clita kasd gubergren, no sea takimata sanctus est Lorem ipsum dolor sit amet. Lorem ipsum dolor sit amet, consetetur sadipscing elitr, At accusam aliquyam diam diam dolore dolores duo eirmod eos erat, et nonumy sed tempor et et invidunt justo labore Stet clita ea et gubergren, kasd magna no rebum. sanctus sea sed takimata ut vero voluptua. est Lorem ipsum dolor sit amet. Lorem ipsum dolor sit amet, consetetur sadipscing elitr, sed diam nonumy eirmod tempor invidunt ut labore et dolore magna aliquyam erat.<\/p>\n\n\n\n<a class=\"wp-block-safirtema-safirbutton safirButton\" href=\"#\" rel=\"external\"><div class=\"icon safiricon\"><svg class=\"safiricon-video\"><use href=\"#safiricon-video\"><\/use><\/svg><\/div>Edit\u00f6rden Eklenebilen \u0130konlu Button<\/a>\n\n\n\n<p>No sea takimata sanctus est Lorem ipsum dolor sit amet. Lorem ipsum dolor sit amet, consetetur sadipscing elitr, sed diam nonumy eirmod tempor invidunt ut labore et dolore magna aliquyam erat, sed diam voluptua. At vero eos et accusam et justo duo dolores et ea rebum. Stet clita kasd gubergren, no sea takimata sanctus est Lorem ipsum dolor sit amet. Lorem ipsum dolor sit amet, consetetur sadipscing elitr, At accusam aliquyam diam diam dolore dolores duo eirmod eos erat, et nonumy sed tempor et et invidunt justo labore Stet clita ea et gubergren, kasd magna no rebum. sanctus sea sed takimata ut vero voluptua. est Lorem ipsum dolor sit amet. Lorem ipsum dolor sit amet, consetetur sadipscing elitr, sed diam nonumy eirmod tempor invidunt ut labore et dolore magna aliquyam erat.<\/p>\n\n\n\n<div class=\"wp-block-columns is-layout-flex wp-container-core-columns-is-layout-9d6595d7 wp-block-columns-is-layout-flex\">\n<div class=\"wp-block-column is-layout-flow wp-block-column-is-layout-flow\">\n<div class=\"wp-block-safirtema-mainheading singleHeading mainHeading\"><div class=\"inner\"><div class=\"icon safiricon\"><svg class=\"safiricon-lamba\"><use href=\"#safiricon-lamba\"><\/use><\/svg><\/div><div class=\"text\">Misyonumuz<\/div><\/div><\/div>\n\n\n\n<p>No sea takimata sanctus est Lorem ipsum dolor sit amet. Lorem ipsum dolor sit amet, consetetur sadipscing elitr, sed diam nonumy eirmod tempor invidunt ut labore et dolore magna aliquyam erat, sed diam voluptua. At vero eos et accusam et justo duo dolores et ea rebum. <\/p>\n<\/div>\n\n\n\n<div class=\"wp-block-column is-layout-flow wp-block-column-is-layout-flow\">\n<div class=\"wp-block-safirtema-mainheading singleHeading mainHeading\"><div class=\"inner\"><div class=\"icon safiricon\"><svg class=\"safiricon-anlasma\"><use href=\"#safiricon-anlasma\"><\/use><\/svg><\/div><div class=\"text\">Vizyonumuz<\/div><\/div><\/div>\n\n\n\n<p>No sea takimata sanctus est Lorem ipsum dolor sit amet. Lorem ipsum dolor sit amet, consetetur sadipscing elitr, sed diam nonumy eirmod tempor invidunt ut labore et dolore magna aliquyam erat, sed diam voluptua. At vero eos et accusam et justo duo dolores et ea rebum.<\/p>\n<\/div>\n<\/div>\n","protected":false},"excerpt":{"rendered":"<p>SOFUO\u011eLU M\u00fchendislik &amp; Hukuk &amp; Dan\u0131\u015fmanl\u0131k ailesi olarak sizlere hizmet verebilmek i\u00e7in kendi alan\u0131nda uzun y\u0131llard\u0131r \u00e7al\u0131\u015fm\u0131\u015f uzman ekiplerden olu\u015fan \u00e7al\u0131\u015fma arkada\u015flar\u0131m\u0131zla t\u00fcm ihtiya\u00e7lar\u0131n\u0131z\u0131 kar\u015f\u0131layacak yenilik\u00e7i ve s\u00fcrd\u00fcr\u00fclebilir \u00e7\u00f6z\u00fcmler \u00fcretmek \u00fczere 2022 y\u0131l\u0131nda yola \u00e7\u0131km\u0131\u015f bulunmaktay\u0131z. \u015eirketlerin dijital d\u00f6n\u00fc\u015f\u00fcm\u00fcnde ba\u015frol\u00fc oynayarak; Nesnelerin \u0130nterneti, B\u00fcy\u00fck Veri ve Analitik, G\u00fcvenlik, Kurumsal Bulut, Kurumsal Yaz\u0131l\u0131m ve Mobili uygulama, [&hellip;]<\/p>\n","protected":false},"author":1,"featured_media":0,"parent":0,"menu_order":0,"comment_status":"closed","ping_status":"closed","template":"","meta":{"footnotes":""},"class_list":["post-82","page","type-page","status-publish","hentry"],"_links":{"self":[{"href":"https:\/\/recsof.com\/index.php?rest_route=\/wp\/v2\/pages\/82","targetHints":{"allow":["GET"]}}],"collection":[{"href":"https:\/\/recsof.com\/index.php?rest_route=\/wp\/v2\/pages"}],"about":[{"href":"https:\/\/recsof.com\/index.php?rest_route=\/wp\/v2\/types\/page"}],"author":[{"embeddable":true,"href":"https:\/\/recsof.com\/index.php?rest_route=\/wp\/v2\/users\/1"}],"replies":[{"embeddable":true,"href":"https:\/\/recsof.com\/index.php?rest_route=%2Fwp%2Fv2%2Fcomments&post=82"}],"version-history":[{"count":8,"href":"https:\/\/recsof.com\/index.php?rest_route=\/wp\/v2\/pages\/82\/revisions"}],"predecessor-version":[{"id":312,"href":"https:\/\/recsof.com\/index.php?rest_route=\/wp\/v2\/pages\/82\/revisions\/312"}],"wp:attachment":[{"href":"https:\/\/recsof.com\/index.php?rest_route=%2Fwp%2Fv2%2Fmedia&parent=82"}],"curies":[{"name":"wp","href":"https:\/\/api.w.org\/{rel}","templated":true}]}}